5 and 37433.
83
Calculate the highest common divisor of 140205 and 585.
195
Calculate the highest common divisor of 977992 and 129.
43
Calculate the highest common factor of 14155 and 12065.
95
What is the highest common divisor of 864 and 5792?
32
Calculate the greatest common divisor of 124 and 493613.
31
What is the greatest common factor of 20 and 388090?
10
Calculate the highest common divisor of 606978 and 468.
18
What is the highest common factor of 722 and 46949?
19
What is the highest common divisor of 426582 and 1638?
234
What is the highest common divisor of 4003566 and 29?
29
What is the highest common factor of 328 and 328123?
41
Calculate the greatest common factor of 40608 and 224.
32
Calculate the highest common factor of 2520 and 1665.
45
Calculate the highest common divisor of 16829190 and 630.
630
What is the greatest common divisor of 78 and 52?
26
What is the greatest common factor of 201084 and 13?
13
Calculate the highest common factor of 1270004 and 3476.
316
Calculate the greatest common factor of 372603 and 77.
77
What is the greatest common divisor of 36354 and 438?
438
What is the greatest common divisor of 32736 and 4752?
528
What is the highest common factor of 3462428 and 332?
332
What is the greatest common factor of 21201 and 222?
111
What is the greatest common factor of 28 and 62088?
4
Calculate the highest common factor of 313800 and 18.
6
What is the greatest common factor of 609 and 2084259?
87
What is the highest common divisor of 19082 and 2639?
203
Calculate the greatest common factor of 1313 and 26159.
101
What is the highest common divisor of 577 and 1746579?
577
What is the greatest common factor of 256 and 272192?
64
What is the highest common factor of 29590 and 40?
10
Calculate the highest common divisor of 31290 and 6510.
210
What is the greatest common factor of 72 and 274872?
24
What is the greatest common divisor of 301 and 2236?
43
Calculate the greatest common divisor of 26 and 52377.
13
Calculate the greatest common factor of 44652 and 72.
12
Calculate the highest common divisor of 144930 and 30.
30
What is the greatest common factor of 4350 and 480?
30
What is the greatest common divisor of 117396 and 108?
108
Calculate the greatest common divisor of 4008 and 1992.
24
What is the greatest common factor of 13053 and 114?
57
What is the greatest common factor of 26 and 71903?
13
Calculate the greatest common divisor of 2268 and 54108.
324
What is the highest common divisor of 44 and 45947?
11
Calculate the highest common factor of 1067424 and 96.
96
What is the highest common divisor of 176 and 48?
16
What is the highest common factor of 9 and 8745903?
9
Calculate the greatest common factor of 90 and 100647.
9
Calculate the highest common factor of 34 and 435.
1
What is the greatest common factor of 107 and 352779?
107
What is the greatest common factor of 7456 and 4672?
32
What is the greatest common divisor of 2700 and 90200?
100
What is the highest common divisor of 34500 and 805?
115
Calculate the highest common divisor of 576 and 3528.
72
What is the highest common divisor of 94 and 477943?
47
What is the greatest common divisor of 4324 and 276?
92
What is the greatest common factor of 341980 and 320?
20
What is the highest common factor of 261 and 1500489?
261
What is the highest common divisor of 499680 and 800?
160
What is the highest common factor of 21 and 851?
1
Calculate the highest common divisor of 1408 and 45342.
22
Calculate the greatest common divisor of 80124 and 264.
132
What is the greatest common factor of 21 and 391223?
7
What is the highest common factor of 3681720 and 360?
360
What is the highest common factor of 4092 and 572?
44
What is the highest common factor of 48300 and 11100?
300
Calculate the greatest common factor of 1432424 and 64.
8
What is the greatest common factor of 21296 and 3718?
22
What is the greatest common divisor of 156 and 679692?
156
Calculate the highest common factor of 8993 and 4761.
529
What is the greatest common divisor of 3408 and 2911?
71
Calculate the greatest common factor of 4580 and 2260.
20
Calculate the highest common divisor of 340 and 5010.
10
Calculate the greatest common factor of 135115 and 61.
61
Calculate the greatest common factor of 32164 and 4257.
473
Calculate the highest common divisor of 33320 and 11.
1
What is the greatest common divisor of 4424 and 20619?
79
What is the greatest common factor of 210340 and 8060?
260
Calculate the highest common divisor of 432 and 101424.
48
Calculate the highest common factor of 2231172 and 365.
73
What is the highest common factor of 12937 and 5508?
17
What is the greatest common divisor of 15615633 and 33?
33
What is the greatest common divisor of 27 and 86121?
9
Calculate the highest common factor of 160 and 191720.
40
Calculate the greatest common divisor of 367 and 502423.
367
Calculate the highest common factor of 2800 and 300.
100
Calculate the greatest common divisor of 223 and 30321310.
223
What is the greatest common divisor of 1585 and 25?
5
Calculate the greatest common divisor of 155601 and 153.
153
What is the greatest common factor of 652 and 797722?
326
Calculate the highest common divisor of 28107 and 81.
81
Calculate the greatest common factor of 30621 and 183207.
519
What is the highest common factor of 10213 and 3?
1
What is the greatest common factor of 3395 and 132890?
485
What is the highest common divisor of 70 and 114485?
35
What is the greatest common factor of 1190 and 3868690?
1190
What is the greatest common factor of 38 and 1084292?
38
What is the highest common factor of 286 and 1006291?
143
What is the highest common divisor of 99 and 8899?
11
Calculate the greatest common factor of 12943 and 301.
301
What is the greatest common divisor of 1115 and 110?
5
Calculate the highest common divisor of 13702 and 47554.
806
Calculate the highest common factor of 74277 and 108.
27
What is the highest common divisor of 9593 and 371?
53
Calculate the highest common factor of 11388 and 511.
73
Calculate the highest common divisor of 42330 and 5865.
255
What is the greatest common factor of 403513 and 66?
11
What is the highest common factor of 711 and 7866?
9
Calculate the highest common divisor of 58 and 67860.
58
Calculate the highest common divisor of 879 and 368594.
293
What is the highest common factor of 276 and 177456?
12
Calculate the greatest common factor of 195 and 150.
15
Calculate the highest common factor of 200 and 13096.
8
Calculate the highest common factor of 156625 and 9625.
875
What is the highest common factor of 5237 and 1?
1
What is the greatest common divisor of 18856834 and 718?
718
What is the highest common divisor of 36 and 57852?
36
Calculate the highest common divisor of 934 and 16.
2
What is the highest common divisor of 80904 and 48?
24
Calculate the highest common divisor of 54 and 5819634.
54
What is the greatest common divisor of 177728 and 158289?
2777
What is the highest common divisor of 581 and 33615?
83
Calculate the greatest common divisor of 6842 and 341.
11
Calculate the greatest common factor of 2148 and 564.
12
Calculate the highest common divisor of 1772 and 3924.
4
Calculate the highest common divisor of 972 and 392.
4
Calculate the greatest common divisor of 86744 and 98.
14
Calculate the greatest common divisor of 5432 and 728.
56
Calculate the highest common factor of 1638 and 468594.
126
What is the highest common divisor of 3266 and 3834?
142
Calculate the greatest common divisor of 576 and 175548.
12
Calculate the greatest common divisor of 42938 and 532.
14
What is the greatest common factor of 49629 and 3621?
213
What is the greatest common divisor of 55649 and 44?
11
What is the greatest common divisor of 1068750 and 76?
38
Calculate the highest common factor of 1160 and 157905.
145
What is the highest common factor of 1053 and 7983?
9
What is the highest common factor of 225 and 5575?
25
What is the greatest common divisor of 37519 and 272?
17
Calculate the greatest common divisor of 1149 and 40598.
383
What is the greatest common divisor of 478632 and 528?
264
Calculate the greatest common divisor of 168 and 31452.
12
What is the highest common divisor of 14094 and 290?
58
What is the highest common fa